 be the first derivative of -z**4/4 + 13*z**3/3 - 7*z**2 + 17*z - 5. Let g = -12032 + 12044. Determine k(g).
-7
Let z(f) = 2*f**3 + f - 1. Let i(s) = -13*s**3 - 15*s**2 + 5*s - 21. Let l(t) = i(t) + 7*z(t). What is l(14)?
-56
Let z be (-80)/(-12)*3/2. Let h(q) = 7*q + 8 - q - 5*q - 2*q. Determine h(z).
-2
Let l = -488 - -260. Let s = l + 226. Let b(p) = 2*p + 0 - 1 - p. Determine b(s).
-3
Let f(a) = -a**2 - 9*a + 6. Suppose -213*u + 210*u = 5*t + 92, 2*t + 5*u + 52 = 0. Calculate f(t).
-106
Suppose -5*n + 5*j = -31 + 146, -3*n - j - 45 = 0. Let b(r) = r**3 + 17*r**2 - r + 36. Determine b(n).
53
Let k(a) = a**2 - 3*a - 1. Suppose 5*c - 10 = 3*t - 4*t, 2*t - 7 = 3*c. Suppose 0 = -t*h + 2*r - 2 - 1, -4*h = -5*r + 16. Let p be (-8)/2 + h*7. Determine k(p).
-1
Let o(h) = 5*h**2 - 4*h + 3. Let u(c) = -3*c - 11. Let b be u(-6). Suppose 0 = -3*r - 4*a + 9, 0 = -2*r - 2*a + b - 1. Suppose 8 = -r*f + 14. Give o(f).
15
Let d(j) be the second derivative of -1/12*j**4 + 1/3*j**3 + 0 + 3/2*j**2 - 151*j. Calculate d(5).
-12
Let u(l) = -2*l**2 + 31*l - 1. Let q be 30/(-4*(-63)/(-28) - -11). What is u(q)?
14
Suppose 0 = 3*g - 4*d - 1 - 4, -3*g = d - 10. Let o(f) = 1 - g + 6*f + 4. Suppose -n = 2*s + 9, 40*s = -3*n + 42*s - 3. Determine o(n).
-16
Let z(h) = 73*h - 8. Let p(a) = -85*a + 9. Let y(k) = 6*p(k) + 7*z(k). Determine y(-3).
-5
Suppose -10*i + 8*i = -3*q + 113, 3*q = -5*i + 106. Suppose 3*u - 22 - 19 = 5*j, 3*u - j = q. Let z(f) = f**3 - 13*f**2 + 14*f - 11. Calculate z(u).
13
Let k = 7651 - 7657. Let x(y) = -10*y - 64. Give x(k).
-4
Let s = -76 - -88. Suppose -s*i + 2848 = 460. Let g(y) = 0 - 195*y**2 + 1 + i*y**2. Calculate g(-2).
17
Let r(x) = 10*x**2 + x + 5. Let c = 154 + -156. Calculate r(c).
43
Suppose -21*i - 61*i - 329 = -35*i. Let j(p) = p**2 - 5*p - 87. Calculate j(i).
-3
Suppose 11 = f + t, -4*f + 9 = -3*t - 21. Let r(i) = 102*i - 209*i + f + 106*i. Calculate r(-7).
16
Let u(s) be the first derivative of 1/3*s**3 - 2*s + 44 + 1/2*s**2. What is u(-2)?
0
Let p(l) = -l**3 + 5*l**2 + l - 8. Let g(h) = 20*h**2 - 14*h - 13. Let c be g(-1). Suppose -5*f - 2*n = -f - 12, -4*n = -f + c. Determine p(f).
-3
Let y(t) = 13427 + 13459 - 26946 + 4*t. Calculate y(14).
-4
Let u(j) = -5*j + 8. Let r(w) = 5*w - 7. Let q(a) = 4*r(a) + 3*u(a). Suppose 36*v = 16*v + 60. Suppose i + h = 1 + 3, 0 = i - v*h. Determine q(i).
11
Let r(q) = -4*q**2 + 2. Let u be r(0). Let t(d) = 22*d**2 - d**3 - 3*d**u - 4*d - 14*d**2. Suppose -5*l = -15 - 0. What is t(l)?
6
Let z(u) be the third derivative of u**4/4 - u**3 - 6*u**2. Suppose -31*h + 55 = -20*h. Calculate z(h).
24
Let h(t) = -t - 39. Suppose -23*c + 16*c - 28 = 0. Let y be -3 + -1 + (5 + c)*4. What is h(y)?
-39
Let r(i) = 19230*i - 204 + 19260*i - 38523*i. What is r(-6)?
-6
Suppose 0 = -75*q + 740 + 460. Let z(j) = 6*j - 62. Determine z(q).
34
Let m(l) = -l**2 + 17*l + 60. Let s(f) = -f - 5. Let d(v) = m(v) + 13*s(v). Suppose -g + 2 = -0*g. Suppose -4*z = -g - 2, 5*x - z - 19 = 0. Give d(x).
-5
Suppose -8*g - 492 + 556 = 0. Let w(l) = -4*l**2 + 40*l - 65. Give w(g).
-1
Let t(b) be the third derivative of -3*b**4/2 - 139*b**3 - 10*b**2 - 128*b - 2. Calculate t(-23).
-6
Let a(u) = 55*u + 322. Suppose -3*l + 60 - 58 = -4*f, -3*f - 21 = l. What is a(l)?
-8
Let o(r) be the second derivative of -28*r**3/3 - 5*r**2/2 + 264*r + 1. What is o(-1)?
51
Suppose 3*m - 2*g = -2*m + 57, 5*g = -4*m + 72. Let o(k) = 2*k**2 + 6 - 3*k**2 + 8*k - k - m*k. What is o(-6)?
6
Let k(s) = 11*s + 110. Let c be ((-6)/15)/(-2) + 561/(-55). Let o be k(c). Let h(x) = x**2 + 13. Calculate h(o).
13
Suppose 0 = -11*c + 336 + 445. Let s = -69 + c. Let n(j) = 2*j + 2. Determine n(s).
6
Suppose 5*q - 4*h + 18 = 6*q, -20 = -2*q - 4*h. Let g(i) = -68 + 73 - 46*i**2 + 45*i**q - 9*i. Calculate g(-9).
5
Let t(a) = -a**2 + 8*a + 2. Let b(l) = 2*l**2 - 17*l - 6. Let p be ((-156)/130)/((-6)/10 - -1). Let r(v) = p*b(v) - 7*t(v). Determine r(3).
-2
Let c(s) = 3*s**3 + 11*s**2 + 2*s + 1. Let r(y) = -2*y**3 - 10*y**2. Let a be 75/25 + (1 - 0). Let o(v) = a*r(v) + 3*c(v). Calculate o(6).
3
Let v be -3 + (-3)/((-6)/(-2)). Let a = 5 + v. Let b(z) be the first derivative of -2*z**3 - z**2/2 - 14816. Determine b(a).
-7
Let g(m) = -17*m - 22. Let l(r) = -12*r - 17. Let y(v) = -7*g(v) + 9*l(v). Suppose -5*i = 5 - 15. What is y(i)?
23
Let g(s) = -1 - 27*s - 10 + 10*s + 23*s + 0. Calculate g(-8).
-59
Let k(l) = l**3 + 7*l**2 + l + 9. Let h be k(-7). Let t(q) = h*q + 14 + 3*q - 4*q - 2*q. Determine t(10).
4
Let m(u) = u**2 + 2*u + 2. Let q(i) = -3*i**2 - 5*i - 6. Let v(f) = 11*m(f) + 4*q(f). Let k be 1*2/1*124/(-4). Let b = k - -65. What is v(b)?
-5
Let a(g) = 88*g**3 + 18*g**2 - 21*g + 57. Let r(o) = -31*o**3 - 6*o**2 + 7*o - 20. Let n(h) = 6*a(h) + 17*r(h). Calculate n(-6).
44
Let q(v) = -5*v**3 - 2*v**2 + v + 2. Suppose -171 = -3*u + 4*j, -5*u - 5*j + 2*j + 256 = 0. Suppose 3*d - 50 = -u. Give q(d).
4
Let n(s) = -2*s. Let p(y) = -4*y + 4. Let o be p(0). Suppose -t + 3*k = -2*t + 1, 5*k + 10 = -o*t. What is n(t)?
10
Let t(j) be the second derivative of j**4/12 - 2*j**3/3 - 3*j**2 - 3*j. Suppose 110*v - 370 = 54*v - 90. Give t(v).
-1
Let o(x) = 2*x**2 - 1. Let s be 0*((1 - -1) + -3). Suppose -2*l + h + 18 - 1 = s, -5*l - 4*h = -23. Suppose b + l - 6 = 0. Determine o(b).
1
Suppose 129 - 12 = a. Let v(x) = 7 - 235*x + 0 + a*x + 119*x. Let w(g) = -g - 2. Let t be w(4). Give v(t).
1
Let o(z) = z**3 + 8*z**2 - 10*z - 3. Let g be 1/((-21)/18) + 12/(-84). Let m(s) = 9*s**3 + s**2 - 1. Let b be m(g). Determine o(b).
6
Let s(r) = -76*r - 39. Let t be s(-1). Let u(b) = b**3 - 36*b**2 - 35*b - 75. Let i be u(t). Let k(g) = -8*g**2 + 3*g + 2. Give k(i).
-9
Let w(f) = 4*f**2 + 216*f - 470. Let g be w(-56). Let u(l) = l**3 + 21*l**2 - 22*l - 28. What is u(g)?
-28
Let z(i) be the third derivative of -i**6/720 - 7*i**5/40 + 17*i**4/24 + 47*i**2. Let p(o) be the second derivative of z(o). What is p(0)?
-21
Let k(u) = -u**3 - 16*u**2 - 17*u - 5. Suppose -l = -2*a - 32, -9*a + 49 = -12*a + 2*l. Calculate k(a).
25
Let c = 88/117 + 68/117. Let f(k) be the third derivative of -c*k**3 + 0 + 1/12*k**4 + 0*k - 23*k**2. Give f(6).
4
Let g(f) = 3*f**3 - 38*f**2 - 7*f. Let b(i) = -i**3 + 13*i**2 - i. Let p(w) = 4*b(w) + g(w). Determine p(13).
26
Let f(y) = 87*y - 85. Let p be f(1). Let g(n) be the first derivative of 5*n - 10 - 3/2*n**p. What is g(4)?
-7
Let p = -11682 - -11667. Let b(z) = 6*z + 84. Calculate b(p).
-6
Suppose 4*n = -2*u - 16, 2 + 0 = -4*u - 2*n. Let f be 196/(-42)*6*2/(-8). Let p(l) = -6*l**2 + f*l**2 - 4*l**3 + 2*l**u + 1 - l - 2*l**2. What is p(1)?
-3
Let c(w) = 4*w + 730753*w**2 - 730754*w**2 - 15*w + 12. What is c(-11)?
12
Let m be (-354)/72 - (-11 - (-1463)/132). Let d(q) = -13*q - 67. Calculate d(m).
-2
Let x(y) = -2*y**2 + 32*y + 9. Let k = 3790 - 3774. Determine x(k).
9
Let b(x) = -x - 2. Let w(q) = 5*q + 6. Let h(i) = 4*i - 25. Let s be h(6). Let k(j) = s*w(j) - 4*b(j). Give k(5).
-3
Let c(t) = 7*t**2 - 12*t - 35. Let o(m) = 10*m**2 - 17*m - 52. Let u(a) = 7*c(a) - 5*o(a). Let y be (-3 + 3)/(-2 - -1). Determine u(y).
15
Let x(j) = j**3 - 7*j**2 + 7*j - 5. Let k be (-4)/(-7) + (-26158)/(-406). Let m be (376 - -1)/(-1 + 2). Let h be (-18)/10 + 2 + m/k. Determine x(h).
1
Suppose -11*h + 3115 - 2994 = 0. Let m(p) = -p**3 + 13*p**2 - 15*p - 49. Determine m(h).
28
Let g be (169 - 1) + 13/(104/(-16)). Suppose -26*h - g = 16. Let v(l) = -2*l - 7. What is v(h)?
7
Let c(p) = 21*p + 3. Let u(j) = -5*j - 1. Let s(a) = -6*c(a) - 26*u(a). Let n(g) = -2*g - 4. Let v(y) = -10*n(y) - 6*s(y). Give v(-6).
16
Let a(j) = -2 - 5*j**2 - 5*j**2 + 9*j + 4 + j**3. Let z be 40/(-35) + (-71)/(-7). Give a(z).
2
Let b(m) = 0 - 3 - m + 8 + 2*m**2 - 5*m. Let d(n) = -2*n**2 + 7*n - 6. Let s(c) = -6*b(c) - 5*d(c). Let i be (-3 + 7)/(-2) + 3. Give s(i).
-1
Let n = -23 - 48. Let h = n + 74. Suppose -s = -3, -3*a - 1 = -h*s - 4. Let y(j) = j**3 - 6*j**2 + 6*j - 6. Give y(a).
-14
Let c(w) be the third derivative of 2 - 1/24*w**4 + 0*w + 0*w**3 - 65*w**2. What is c(-8)?
8
Let r(g) be the first derivative of g**4/24 - g**3/3 - 3*g**2/2 + 2. Let b(f) be the second derivative of r(f). Suppose -13*s - 70 = -27*s. Give b(s).
3
Let h(x) be the first derivative of -4*x - 1/3*x**3 - 51 + 9/2*x**2. What is h(9)?
-4
Let l 